2. What are the prime factors of m(r)?
2, 17
Let z(x) = -576*x + 6. What are the prime factors of z(-3)?
2, 3, 17
What are the prime factors of (-317)/((-5)/25*5)?
317
Let y(q) = -q**2 + 8*q + 13. Let o be y(12). Let d = o + 66. List the prime factors of d.
31
Let k = -1 + -15. Let n = k + 6. Let c(l) = -2*l - 7. What are the prime factors of c(n)?
13
Let m = 1251 - 865. What are the prime factors of m?
2, 193
What are the prime factors of (-5 + 348)*12/14?
2, 3, 7
Suppose -5*q = -706 - 1014. Suppose 0 = o - 5*o + q. List the prime factors of o/6 + 2/3.
3, 5
What are the prime factors of (-45625)/(-511) + (-2)/7?
89
Let b(x) = 4*x**2 - 2*x + 11. Let t be b(-5). Let p = -59 + t. What are the prime factors of p?
2, 31
Let f(b) be the first derivative of 40*b**3/3 - b - 4. Let l be f(1). Let p = 11 + l. List the prime factors of p.
2, 5
Suppose 3619 = 4*d - 5125. List the prime factors of d.
2, 1093
Let v = 14 + -1. Suppose -12*f + v*f = -3. What are the prime factors of (8 + -2)/f*-2?
2
Suppose 0 = 2*r, -2*o + 3*r = -1 - 7. Suppose 0 = o*u - 4, -3*g - u - 29 = -4*g. Let t = -14 + g. List the prime factors of t.
2
Let z(i) = -i**3 - 6*i**2 - 2*i - 10. Let j be z(-6). Let r be (-4)/(-6) + 52/3. Let o = r + j. List the prime factors of o.
2, 5
Let k(s) = s**3 + 16*s**2 - s - 16. Let c be k(-16). Suppose c = -5*r - 21 + 261. List the prime factors of r.
2, 3
Suppose 0 = 4*y + h - 198, y + 0*h = 4*h + 58. Suppose -2 - y = -w. Suppose 5*x = x + w. What are the prime factors of x?
13
Let o(b) = b**2 - 2*b**2 - 18*b**3 + 1 + b - 27*b**3. Let u be 1/(-2) - 2*(-2)/(-8). What are the prime factors of o(u)?
2, 11
Let u(w) = w**3 - 11*w**2 + 43*w + 46. List the prime factors of u(17).
3, 31
Suppose 32*p = 19*p - 52. Let g(t) = -6*t**2 + t + 2. Let f be g(2). What are the prime factors of (-10)/f - 78/p?
2, 5
Suppose -3*c - 2369 = -3*g - 11108, -5*c + 2*g + 14580 = 0. What are the prime factors of c?
2, 1459
Suppose -q = 5, 0*v + 10 = -5*v - 4*q. Suppose -u - o + 10 = 0, -3*u - 2*o = v*u - 47. What are the prime factors of u?
3
List the prime factors of (4/7)/(-2) - (-45683)/77.
593
Let i(l) = 195*l + 28. Let r(p) = 65*p + 10. Let o(a) = 6*i(a) - 17*r(a). What are the prime factors of o(2)?
2
Suppose -13*s + 1633 + 1695 = 0. What are the prime factors of s?
2
Suppose h + 8 = 3*h. Let i be 6/h + (-27)/2. List the prime factors of 5*i*(-6)/20.
2, 3
Suppose -4*b + 8500 = -0*b - 4*z, b + 3*z - 2121 = 0. What are the prime factors of b?
2, 3, 59
Let p(o) = 45*o - 53. What are the prime factors of p(8)?
307
Let l = -703 + 1752. What are the prime factors of l?
1049
Let k = -44 - -62. What are the prime factors of k/4*(-20)/(-3)?
2, 3, 5
Let p be 4937/11 + -1 + 18/99. Suppose -p = -35*g + 31*g. List the prime factors of g.
2, 7
What are the prime factors of 1714/18 - (-4 - (-342)/81)?
5, 19
What are the prime factors of 5905/11 + 14/77?
3, 179
Let b(c) = 2*c**3 - 32*c**2 - 12*c + 46. List the prime factors of b(17).
2, 3, 5, 7
Suppose 0 = -6*j + 2*j, 158 = v - j. Let q = -77 + v. What are the prime factors of q?
3
Suppose -44325 = -21*u - 4*u. What are the prime factors of u?
3, 197
Suppose 3*n + 2*n - 385 = -2*s, -s + 390 = 5*n. Let v = -46 + n. List the prime factors of v.
3, 11
Let o be (-28)/7 - (-7 - 1). Suppose 4*k - 308 = -o*v, -v = -2*k + v + 154. What are the prime factors of k?
7, 11
Suppose 111 = 2*d - 73. Let n = d - -4. What are the prime factors of n?
2, 3
Suppose 13 = 5*r - l, 2*l = 6 - 2. Suppose r*c + 102 = 3*t, 4*c + 38 = t + c. List the prime factors of t.
2
Let c be 93/9 - 4/12. Suppose -14 = 8*v - c*v. What are the prime factors of v?
7
Let z(b) = -b**3 + 13*b**2 - 11*b - 8. Let u be z(12). Suppose i - 3*f = -i + 16, 0 = 4*i - u*f - 24. Suppose -i*d - 66 = -198. List the prime factors of d.
2, 3, 11
Suppose -27*f + 78120 = f. What are the prime factors of f?
2, 3, 5, 31
Suppose 4*t = 4*h, 0 = 5*t - 0*t + 5*h + 40. List the prime factors of 12*(3 - 0/t).
2, 3
Suppose -4861 = 57*g - 21961. What are the prime factors of g?
2, 3, 5
Let n(j) = -517*j - 1. Let x be n(-1). Suppose -32*i + x = -20*i. List the prime factors of i.
43
Suppose -2*h - 3*v - 7 = -4*h, -2*v + 22 = 4*h. Suppose 2*x - m = -x + 465, h*m = 5*x - 765. What are the prime factors of x?
2, 3, 13
Suppose f = -2*c - 4*f + 280, -2 = -f. What are the prime factors of c?
3, 5
Let a(m) = 31 + 9*m - m**2 + 2*m**2 + 5*m - 7*m. What are the prime factors of a(-12)?
7, 13
Suppose -5*t - k + 14511 = 0, 6*k + 2923 = t + k. What are the prime factors of t?
2903
Let u(q) be the first derivative of q**4/4 - 11*q**3/3 + 23*q**2/2 - 20*q + 23. List the prime factors of u(10).
2, 5, 11
What are the prime factors of (-5 - 644/(-12))/(2/36)?
2, 3, 73
Suppose 14 = x - 4. Suppose -k - x = 3*s, -s + 1 = -0. Let y = -9 - k. List the prime factors of y.
2, 3
Let l(y) = y**3 - 21*y**2 + 8*y - 16. Let n be l(21). List the prime factors of (n/(-12))/((-12)/90).
5, 19
Suppose w - 1185 = -5*r + 279, 0 = r + 5. List the prime factors of w.
1489
Let y(r) = -r**3 + 5*r**2 - 3*r. Let b be y(4). What are the prime factors of (-16 - -38)*10/b?
5, 11
Suppose 322 = 2*d - 3*s, 4*d = -d + 5*s + 805. What are the prime factors of d?
7, 23
List the prime factors of (-12 - (-280)/24) + 1771/3.
2, 5, 59
Suppose -o - 307 = -5*h, 2*h - 5*o - 132 = -0*h. Suppose 4*d + 5*u = h, -29 + 12 = -d - 3*u. List the prime factors of d.
2, 7
Suppose 89*f = 75068 - 11522. List the prime factors of f.
2, 3, 7, 17
Let w(f) = -16*f - 46. What are the prime factors of w(-20)?
2, 137
Suppose -i = -4*c + 121, -5*i = 5*c - 64 - 106. Let k = 29 - c. Let l(x) = -12*x + 3. List the prime factors of l(k).
3
Suppose 6*o - 541 = -5*s + 4*o, -321 = -3*s - 3*o. Let l = s - 55. List the prime factors of l.
2, 3
Suppose 10*v = -7674 + 25364. What are the prime factors of v?
29, 61
Let u(a) = 7*a**2 + 25*a + 217. List the prime factors of u(-8).
3, 5, 31
Suppose 0 = -0*x - 3*x - j + 44, 0 = -4*x - j + 58. Suppose -8 = 4*r + 28. Let t = r + x. What are the prime factors of t?
5
Let m(c) = -5*c - 9. Let k(t) = -t**3 + 6*t**2 + 5*t + 8. Suppose 0*p = -3*v - 2*p + 17, -p + 12 = 2*v. Let g be k(v). What are the prime factors of m(g)?
3, 7
Suppose 3*b - b - 2*f - 6866 = 0, -f = 0. What are the prime factors of b?
3433
Let t(x) = 5*x**2 + 3*x + 7. What are the prime factors of t(5)?
3, 7
Let m(s) = s + 9. Let n(l) = -1. Let j(q) = -m(q) + 2*n(q). List the prime factors of j(-16).
5
Let d be (-6)/(-2*(-12)/(-8)). Suppose d*i - 3*k = -2*i + 132, -5*k - 160 = -5*i. What are the prime factors of i?
2, 3
Let t = 138 - -294. What are the prime factors of t?
2, 3
List the prime factors of (8 + 56/(-6))*3882/(-4).
2, 647
Let y(q) = -q**2 - 5*q + 15. Let m be y(-6). Let k(u) = 9*u + 19. List the prime factors of k(m).
2, 5
Let s(i) = -i**3 - 8*i**2 - 5*i - 8. Let j be s(-6). Let r = 8 - j. List the prime factors of r.
2, 29
Suppose 25 = -7*h + 12*h. Let p(o) = o**3 - 3*o**2 + o + 2. Let i be p(2). Suppose h*s = s, -4*z + 2*s + 104 = i. List the prime factors of z.
2, 13
Let i(a) = 114*a + 22. What are the prime factors of i(11)?
2, 11, 29
Suppose -4*o - 42*s + 40*s = -6272, 0 = o + s - 1570. What are the prime factors of o?
2, 3, 29
Let j = 4256 + 1020. List the prime factors of j.
2, 1319
Let r(h) = -373*h - 5. Let o be r(-3). Suppose z + o - 216 = 5*g, -4*z + 8 = 0. Suppose j + 43 - 257 = -5*n, 4*n + 3*j = g. What are the prime factors of n?
2, 3, 7
Suppose 17*l + 32575 = 42*l. List the prime factors of l.
1303
Let l = 267 + 153. What are the prime factors of l?
2, 3, 5, 7
Let g(t) = t**2 - 5*t - 3. Let u be g(6). Let m = -41 - -42. List the prime factors of u + (-3 + 3 - m).
2
Let r(s) be the first derivative of -17*s**2/2 - 2. Suppose 2 - 7 = 5*g. What are the prime factors of r(g)?
17
Suppose 82*k - 88*k = -13260. List the prime factors of k.
2, 5, 13, 17
Suppose -4*l = -c - 124, 2*l + 5*c - 71 = 13. Let t be (-21)/(-2)*l/(-24). Let w(x) = -x**3 - 14*x**2 + 13. List the prime factors of w(t).
13
Let s = -78 - -103. Suppose 3*z = 1 + 5. Let r = s + z. What are the prime factors of r?
3
Suppose 0 = -28*r + 20*r + 3568. What are the prime factors of r?
2, 223
Let o(s) = 3*s - 1. Let l be (-95)/(-7) + 12/28. Let g(u) = -u**3 + 15*u**2 - 14*u + 6. Let y be g(l). What are